/
home
/
repixa5
/
access-logs
/
New Directory
Upload File
HOME
168.235.116.112 - - [26/Jul/2026:09:06:22 -0400] "GET /.well-known/acme-challenge/5MNSZ99QXVRUD1NJOKW1CLGVG_O7TA_B HTTP/1.1" 200 64 "-" "Cpanel-HTTP-Client/1.0"
168.235.116.112 - - [26/Jul/2026:09:06:30 -0400] "GET /.well-known/acme-challenge/2F5FNVGG01DK0QRQDTFORDO05PMWQ30A HTTP/1.1" 200 64 "-" "Cpanel-HTTP-Client/1.0"
168.235.116.112 - - [26/Jul/2026:09:06:31 -0400] "GET /.well-known/acme-challenge/PZ7M-AN6NENQJ7NM-35ZLLBPER87Y15Z HTTP/1.1" 200 64 "-" "Cpanel-HTTP-Client/1.0"
168.235.116.112 - - [26/Jul/2026:09:06:40 -0400] "GET /.well-known/acme-challenge/50SPHFPSX9FRDYPK1GQ-81AK8UOBJMAE HTTP/1.1" 200 64 "-" "Cpanel-HTTP-Client/1.0"
168.235.116.112 - - [26/Jul/2026:09:06:48 -0400] "GET /.well-known/acme-challenge/WOXTG4XH9IVOG5ZE81UPO7FWF3IFS7XN HTTP/1.1" 200 64 "-" "Cpanel-HTTP-Client/1.0"
2a06:98c0:3600::103 - - [26/Jul/2026:09:17:18 -0400] "GET /wp-admin/install.php?step=1 HTTP/1.1" 404 236 "-" "http://thinkgen.io/wp-admin/install.php?step=1"
66.187.5.228 - - [26/Jul/2026:09:22:30 -0400] "GET / HTTP/1.1" 200 1036 "-" "CCBot/2.0 (https://commoncrawl.org/faq/)"
66.187.5.228 - - [26/Jul/2026:09:23:40 -0400] "GET /166245/ HTTP/1.1" 200 987 "-" "Mozilla/5.0 (compatible; GoogleOther; +https://developers.google.com/search/)"
66.187.5.228 - - [26/Jul/2026:09:23:41 -0400] "GET /files/ HTTP/1.1" 200 31770 "-" "Mozilla/5.0 (compatible; PerplexityBot/1.0; +https://perplexity.ai/perplexitybot)"
66.187.5.228 - - [26/Jul/2026:09:23:41 -0400] "GET /saveweb2zip-com-innovitica-com.zip HTTP/1.1" 200 4728771 "-" "Mozilla/5.0 (compatible; Amazonbot/0.1; +https://developer.amazon.com/support/amazonbot)"
66.187.5.228 - - [26/Jul/2026:09:24:32 -0400] "GET /166245/admin.php HTTP/1.1" 200 1983 "-" "Mozilla/5.0 (compatible; PerplexityBot/1.0; +https://perplexity.ai/perplexitybot)"
66.187.5.228 - - [26/Jul/2026:09:24:32 -0400] "GET /166245/1.txt HTTP/1.1" 200 26 "-" "Mozilla/5.0 AppleWebKit/537.36 (KHTML, like Gecko; compatible; GPTBot/1.3; +https://openai.com/gptbot)"
66.249.66.164 - - [26/Jul/2026:09:26:26 -0400] "GET /robots.txt HTTP/1.1" 404 236 "-" "Mozilla/5.0 (compatible; Googlebot/2.1; +http://www.google.com/bot.html)"
66.249.66.36 - - [26/Jul/2026:09:33:33 -0400] "GET / HTTP/1.1" 200 1036 "-" "Mozilla/5.0 (Linux; Android 6.0.1; Nexus 5X Build/MMB29P) AppleWebKit/537.36 (KHTML, like Gecko) Chrome/150.0.7871.128 Mobile Safari/537.36 (compatible; Googlebot/2.1; +http://www.google.com/bot.html)"
66.249.66.35 - - [26/Jul/2026:09:33:50 -0400] "GET / HTTP/1.1" 200 1036 "-" "Mozilla/5.0 (Linux; Android 6.0.1; Nexus 5X Build/MMB29P) AppleWebKit/537.36 (KHTML, like Gecko) Chrome/99.0.4844.84 Mobile Safari/537.36 (compatible; Googlebot/2.1; +http://www.google.com/bot.html)"
66.249.66.34 - - [26/Jul/2026:09:33:51 -0400] "GET / HTTP/1.1" 200 1036 "-" "Mozilla/5.0 (compatible; Googlebot/2.1; +http://www.google.com/bot.html)"
66.249.66.35 - - [26/Jul/2026:09:33:52 -0400] "GET /favicon.ico HTTP/1.1" 404 236 "-" "Googlebot-Image/1.0"
66.187.5.104 - - [26/Jul/2026:10:03:50 -0400] "GET / HTTP/1.1" 404 153 "-" "Mozilla/5.0 (compatible; DuckDuckBot/1.1; +http://duckduckgo.com/duckduckbot.html)"
2a06:98c0:3600::103 - - [26/Jul/2026:11:02:50 -0400] "GET /wp-admin/install.php?step=1 HTTP/1.1" 404 236 "-" "http://thinkgen.io/wp-admin/install.php?step=1"
216.9.225.205 - - [26/Jul/2026:11:22:49 -0400] "GET / HTTP/1.1" 503 282 "-" "Mozilla/5.0 (X11; Ubuntu; Linux x86_64; rv:33.0) Gecko/20100101 Firefox/33.0"
51.68.236.70 - - [26/Jul/2026:11:29:17 -0400] "GET /robots.txt HTTP/1.1" 404 236 "-" "Mozilla/5.0 (compatible; MJ12bot/v2.0.5; http://mj12bot.com/)"
51.68.236.70 - - [26/Jul/2026:11:29:17 -0400] "GET / HTTP/1.1" 200 1036 "-" "Mozilla/5.0 (compatible; MJ12bot/v2.0.5; http://mj12bot.com/)"
198.235.24.129 - - [26/Jul/2026:11:59:50 -0400] "GET /.well-known/security.txt HTTP/1.1" 404 236 "-" "Hello from Palo Alto Networks, find out more about our scans in https://docs-cortex.paloaltonetworks.com/r/1/Cortex-Xpanse/Scanning-activity"
168.235.116.112 - - [26/Jul/2026:12:04:57 -0400] "GET /.well-known/acme-challenge/HQWJFDR6XH6QCC5EP6QFNE6-F47PCWRZ HTTP/1.1" 200 64 "-" "Cpanel-HTTP-Client/1.0"
168.235.116.112 - - [26/Jul/2026:12:05:05 -0400] "GET /.well-known/acme-challenge/YH4UMHCFHCIHOLPVPM6USVHVT-_Y06TO HTTP/1.1" 200 64 "-" "Cpanel-HTTP-Client/1.0"
168.235.116.112 - - [26/Jul/2026:12:05:06 -0400] "GET /.well-known/acme-challenge/L_LLB7KP22KHFTP406XRVXO7-2-5TVG0 HTTP/1.1" 200 64 "-" "Cpanel-HTTP-Client/1.0"
168.235.116.112 - - [26/Jul/2026:12:05:22 -0400] "GET /.well-known/acme-challenge/9KE3XVRQOF78ENSY29E09OS6JO1H30_3 HTTP/1.1" 200 64 "-" "Cpanel-HTTP-Client/1.0"
168.235.116.112 - - [26/Jul/2026:12:05:34 -0400] "GET /.well-known/acme-challenge/D6-_WPD7QGT73QL4HSBJHILVLF0MLH9C HTTP/1.1" 200 64 "-" "Cpanel-HTTP-Client/1.0"
203.83.55.123 - - [26/Jul/2026:12:15:41 -0400] "GET / HTTP/1.1" 200 1036 "-" "Mozilla/5.0 (Windows NT 10.0; Win64; x64) AppleWebKit/537.36 (KHTML, like Gecko) Chrome/147.0.0.0 Safari/537.36"
203.83.55.123 - - [26/Jul/2026:12:15:43 -0400] "GET /favicon.ico HTTP/1.1" 404 236 "https://thinkgen.io/" "Mozilla/5.0 (Windows NT 10.0; Win64; x64) AppleWebKit/537.36 (KHTML, like Gecko) Chrome/147.0.0.0 Safari/537.36"
203.83.55.123 - - [26/Jul/2026:12:15:47 -0400] "GET / HTTP/1.1" 200 1036 "-" "Mozilla/5.0 (Windows NT 10.0; Win64; x64) AppleWebKit/537.36 (KHTML, like Gecko) Chrome/147.0.0.0 Safari/537.36"
66.249.66.40 - - [26/Jul/2026:12:16:00 -0400] "GET /robots.txt HTTP/1.1" 404 236 "-" "Mozilla/5.0 (compatible; Googlebot/2.1; +http://www.google.com/bot.html)"
66.249.66.40 - - [26/Jul/2026:12:16:00 -0400] "GET / HTTP/1.1" 200 1036 "-" "Mozilla/5.0 (Linux; Android 6.0.1; Nexus 5X Build/MMB29P) AppleWebKit/537.36 (KHTML, like Gecko) Chrome/99.0.4844.84 Mobile Safari/537.36 (compatible; Googlebot/2.1; +http://www.google.com/bot.html)"
66.249.66.42 - - [26/Jul/2026:12:16:00 -0400] "GET / HTTP/1.1" 200 1036 "-" "Mozilla/5.0 (compatible; Googlebot/2.1; +http://www.google.com/bot.html)"
66.249.66.41 - - [26/Jul/2026:12:16:01 -0400] "GET /favicon.ico HTTP/1.1" 404 236 "-" "Googlebot-Image/1.0"
2a06:98c0:3600::103 - - [26/Jul/2026:12:48:27 -0400] "GET /wp-admin/install.php?step=1 HTTP/1.1" 404 236 "-" "http://thinkgen.io/wp-admin/install.php?step=1"
147.135.252.177 - - [26/Jul/2026:13:18:13 -0400] "GET /robots.txt HTTP/1.1" 404 236 "-" "Mozilla/5.0 (compatible; MJ12bot/v1.4.8; http://mj12bot.com/)"
147.135.252.177 - - [26/Jul/2026:13:18:15 -0400] "GET /166245/ HTTP/1.1" 200 987 "-" "Mozilla/5.0 (compatible; MJ12bot/v1.4.8; http://mj12bot.com/)"
57.154.5.64 - - [26/Jul/2026:14:16:05 -0400] "GET /wp-login.php HTTP/1.1" 404 236 "-" "Mozilla/5.0 (Windows NT 10.0; Win64; x64) AppleWebKit/537.36 (KHTML, like Gecko) Chrome/120.0.0.0 Safari/537.36 Edg/120.0.0.0"
57.154.5.64 - - [26/Jul/2026:14:16:05 -0400] "POST /wp-login.php HTTP/1.1" 406 300 "https://thinkgen.io/wp-login.php" "Mozilla/5.0 (Macintosh; Intel Mac OS X 10_15_7) AppleWebKit/537.36 (KHTML, like Gecko) Chrome/120.0.0.0 Safari/537.36"
94.26.106.162 - - [26/Jul/2026:14:16:41 -0400] "GET /storage/.env HTTP/1.1" 406 300 "https://www.google.com/" "Mozilla/5.0 (Windows NT 10.0; Win64; x64) AppleWebKit/537.36 (KHTML, like Gecko) Chrome/120.0.0.0 Safari/537.36"
94.26.106.162 - - [26/Jul/2026:14:16:41 -0400] "GET /.env.bak HTTP/1.1" 406 300 "https://www.google.com/" "curl/8.5.0"
94.26.106.162 - - [26/Jul/2026:14:16:41 -0400] "GET /.git/config HTTP/1.1" 406 300 "https://www.google.com/" "Mozilla/5.0 (Windows NT 10.0; Win64; x64) AppleWebKit/537.36 (KHTML, like Gecko) Chrome/120.0.0.0 Safari/537.36"
94.26.106.162 - - [26/Jul/2026:14:16:41 -0400] "GET /.env.old HTTP/1.1" 406 300 "https://www.google.com/" "Mozilla/5.0 (Windows NT 10.0; Win64; x64) AppleWebKit/537.36 Chrome/124.0.0.0 Safari/537.36"
94.26.106.162 - - [26/Jul/2026:14:16:41 -0400] "GET /api/.env HTTP/1.1" 406 300 "https://www.google.com/" "Go-http-client/1.1"
94.26.106.162 - - [26/Jul/2026:14:16:41 -0400] "GET /seed.txt HTTP/1.1" 404 236 "https://www.google.com/" "Mozilla/5.0 (X11; Linux x86_64) AppleWebKit/537.36 Chrome/122.0.0.0 Safari/537.36"
94.26.106.162 - - [26/Jul/2026:14:16:41 -0400] "GET /.env.prod HTTP/1.1" 406 300 "https://www.google.com/" "Mozilla/5.0 (Windows NT 10.0; Win64; x64) AppleWebKit/537.36 (KHTML, like Gecko) Chrome/120.0.0.0 Safari/537.36"
94.26.106.162 - - [26/Jul/2026:14:16:41 -0400] "GET /public/.env HTTP/1.1" 406 300 "https://www.google.com/" "Go-http-client/1.1"
94.26.106.162 - - [26/Jul/2026:14:16:41 -0400] "GET /wallet.json HTTP/1.1" 404 236 "https://www.google.com/" "Go-http-client/1.1"
94.26.106.162 - - [26/Jul/2026:14:16:41 -0400] "GET /mnemonic.txt HTTP/1.1" 404 236 "https://www.google.com/" "Mozilla/5.0 (Macintosh; Intel Mac OS X 10_15_7) AppleWebKit/537.36 Chrome/123.0.0.0 Safari/537.36"
94.26.106.162 - - [26/Jul/2026:14:16:41 -0400] "GET /keystore.json HTTP/1.1" 404 236 "https://www.google.com/" "Mozilla/5.0 (Windows NT 10.0; Win64; x64) AppleWebKit/537.36 Chrome/124.0.0.0 Safari/537.36"
94.26.106.162 - - [26/Jul/2026:14:16:41 -0400] "GET /private_keys.txt HTTP/1.1" 406 300 "https://www.google.com/" "curl/8.5.0"
94.26.106.162 - - [26/Jul/2026:14:16:41 -0400] "GET /keys.json HTTP/1.1" 404 236 "https://www.google.com/" "Mozilla/5.0 (Macintosh; Intel Mac OS X 10_15_7) AppleWebKit/537.36 Chrome/123.0.0.0 Safari/537.36"
94.26.106.162 - - [26/Jul/2026:14:16:41 -0400] "GET /secrets.json HTTP/1.1" 404 236 "https://www.google.com/" "Mozilla/5.0 (Windows NT 10.0; Win64; x64) AppleWebKit/537.36 (KHTML, like Gecko) Chrome/120.0.0.0 Safari/537.36"
94.26.106.162 - - [26/Jul/2026:14:16:41 -0400] "GET /id.json HTTP/1.1" 406 300 "https://www.google.com/" "curl/8.5.0"
94.26.106.162 - - [26/Jul/2026:14:16:41 -0400] "GET /keypair.json HTTP/1.1" 404 236 "https://www.google.com/" "Mozilla/5.0 (X11; Linux x86_64) AppleWebKit/537.36 Chrome/122.0.0.0 Safari/537.36"
94.26.106.162 - - [26/Jul/2026:14:16:41 -0400] "GET /.git/HEAD HTTP/1.1" 406 300 "https://www.google.com/" "Mozilla/5.0 (Macintosh; Intel Mac OS X 10_15_7) AppleWebKit/537.36 Chrome/123.0.0.0 Safari/537.36"
94.26.106.162 - - [26/Jul/2026:14:16:41 -0400] "GET /.env.production HTTP/1.1" 406 300 "https://www.google.com/" "Go-http-client/1.1"
94.26.106.162 - - [26/Jul/2026:14:16:41 -0400] "GET /.env HTTP/1.1" 406 300 "https://www.google.com/" "Mozilla/5.0 (X11; Linux x86_64) AppleWebKit/537.36 Chrome/122.0.0.0 Safari/537.36"
94.26.106.162 - - [26/Jul/2026:14:16:41 -0400] "GET /.env.local HTTP/1.1" 406 300 "https://www.google.com/" "Mozilla/5.0 (X11; Linux x86_64) AppleWebKit/537.36 Chrome/122.0.0.0 Safari/537.36"
94.26.106.162 - - [26/Jul/2026:14:16:41 -0400] "GET /.env.staging HTTP/1.1" 406 300 "https://www.google.com/" "Mozilla/5.0 (Windows NT 10.0; Win64; x64) AppleWebKit/537.36 Chrome/124.0.0.0 Safari/537.36"
94.26.106.162 - - [26/Jul/2026:14:16:41 -0400] "GET /.env.backup HTTP/1.1" 406 300 "https://www.google.com/" "Mozilla/5.0 (Windows NT 10.0; Win64; x64) AppleWebKit/537.36 (KHTML, like Gecko) Chrome/120.0.0.0 Safari/537.36"
91.202.233.61 - - [26/Jul/2026:14:21:33 -0400] "GET / HTTP/1.1" 200 1036 "-" "Mozilla/5.0 (Windows NT 10.0; Win64; x64) AppleWebKit/537.36 (KHTML, like Gecko) Chrome/131.0.0.0 Safari/537.36"
91.202.233.61 - - [26/Jul/2026:14:21:34 -0400] "GET /wp-json/ HTTP/1.1" 404 236 "-" "Mozilla/5.0 (Windows NT 10.0; Win64; x64) AppleWebKit/537.36 (KHTML, like Gecko) Chrome/131.0.0.0 Safari/537.36"
91.202.233.61 - - [26/Jul/2026:14:21:34 -0400] "GET /?rest_route=/ HTTP/1.1" 200 1036 "-" "Mozilla/5.0 (Windows NT 10.0; Win64; x64) AppleWebKit/537.36 (KHTML, like Gecko) Chrome/131.0.0.0 Safari/537.36"
91.202.233.61 - - [26/Jul/2026:14:21:34 -0400] "GET / HTTP/1.1" 200 1036 "-" "Mozilla/5.0 (Windows NT 10.0; Win64; x64) AppleWebKit/537.36 (KHTML, like Gecko) Chrome/131.0.0.0 Safari/537.36"
91.202.233.61 - - [26/Jul/2026:14:21:34 -0400] "GET /readme.html HTTP/1.1" 404 236 "-" "Mozilla/5.0 (Windows NT 10.0; Win64; x64) AppleWebKit/537.36 (KHTML, like Gecko) Chrome/131.0.0.0 Safari/537.36"
91.202.233.61 - - [26/Jul/2026:14:21:34 -0400] "POST /?rest_route=/batch/v1 HTTP/1.1" 404 236 "-" "Mozilla/5.0 (Windows NT 10.0; Win64; x64) AppleWebKit/537.36 (KHTML, like Gecko) Chrome/131.0.0.0 Safari/537.36"
2a06:98c0:3600::103 - - [26/Jul/2026:14:36:46 -0400] "GET /wp-admin/install.php?step=1 HTTP/1.1" 404 236 "-" "http://thinkgen.io/wp-admin/install.php?step=1"
66.249.66.42 - - [26/Jul/2026:14:50:39 -0400] "GET /robots.txt HTTP/1.1" 404 236 "-" "Mozilla/5.0 (compatible; Googlebot/2.1; +http://www.google.com/bot.html)"
168.235.116.112 - - [26/Jul/2026:15:04:16 -0400] "GET /.well-known/acme-challenge/HHJ9BFS7CWGCX4JQQUWCM7_VEARK9XN7 HTTP/1.1" 200 64 "-" "Cpanel-HTTP-Client/1.0"
168.235.116.112 - - [26/Jul/2026:15:04:23 -0400] "GET /.well-known/acme-challenge/VFVTN4VSIB-B71UKMDRSPDR6XXR936L9 HTTP/1.1" 200 64 "-" "Cpanel-HTTP-Client/1.0"
168.235.116.112 - - [26/Jul/2026:15:04:24 -0400] "GET /.well-known/acme-challenge/WLEYQZDP3Z2MN0UV_CCG6Y7KKB6JX7MD HTTP/1.1" 200 64 "-" "Cpanel-HTTP-Client/1.0"
168.235.116.112 - - [26/Jul/2026:15:04:34 -0400] "GET /.well-known/acme-challenge/2Q9YCE_O7DE4K_6A9TAE5BG5BMHD-SO_ HTTP/1.1" 200 64 "-" "Cpanel-HTTP-Client/1.0"
168.235.116.112 - - [26/Jul/2026:15:04:42 -0400] "GET /.well-known/acme-challenge/399F4P_7ZFB74I3_QBO585A_S2REWET8 HTTP/1.1" 200 64 "-" "Cpanel-HTTP-Client/1.0"
66.249.66.34 - - [26/Jul/2026:15:32:42 -0400] "GET / HTTP/1.1" 200 1036 "-" "Mozilla/5.0 (compatible; Googlebot/2.1; +http://www.google.com/bot.html)"
2a06:98c0:3600::103 - - [26/Jul/2026:16:28:33 -0400] "GET /wp-admin/install.php?step=1 HTTP/1.1" 404 236 "-" "http://thinkgen.io/wp-admin/install.php?step=1"
180.153.236.49 - - [26/Jul/2026:16:37:23 -0400] "GET / HTTP/1.1" 200 1036 "http://thinkgen.io/" "Mozilla/5.0 (Windows NT 10.0; Win64; x64) AppleWebKit/537.36 (KHTML, like Gecko) Chrome/140.0.0.0 Safari/537.36 Edg/140.0.0.0; 360Spider"
180.153.236.133 - - [26/Jul/2026:16:37:28 -0400] "GET / HTTP/1.1" 200 1036 "https://thinkgen.io/" "Mozilla/5.0 (Windows NT 10.0; Win64; x64) AppleWebKit/537.36 (KHTML, like Gecko) Chrome/140.0.0.0 Safari/537.36 Edg/140.0.0.0; 360Spider"
52.167.144.66 - - [26/Jul/2026:16:45:06 -0400] "GET /robots.txt HTTP/1.1" 404 236 "-" "Mozilla/5.0 AppleWebKit/537.36 (KHTML, like Gecko; compatible; bingbot/2.0; +http://www.bing.com/bingbot.htm) Chrome/116.0.1938.76 Safari/537.36"
40.77.167.151 - - [26/Jul/2026:16:45:09 -0400] "GET /sitemap.txt HTTP/1.1" 404 236 "-" "Mozilla/5.0 AppleWebKit/537.36 (KHTML, like Gecko; compatible; bingbot/2.0; +http://www.bing.com/bingbot.htm) Chrome/116.0.1938.76 Safari/537.36"
192.36.109.78 - - [26/Jul/2026:16:48:08 -0400] "GET / HTTP/1.1" 200 1036 "-" "Mozilla/5.0 (Windows NT 10.0; Win64; x64) AppleWebKit/537.36 (KHTML, like Gecko) Chrome/122.0.0.0 Safari/537.3"
66.249.66.34 - - [26/Jul/2026:16:55:15 -0400] "GET /robots.txt HTTP/1.1" 404 236 "-" "Mozilla/5.0 (compatible; Googlebot/2.1; +http://www.google.com/bot.html)"
144.48.38.102 - - [26/Jul/2026:17:04:58 -0400] "GET / HTTP/1.1" 200 1036 "-" "python-requests/2.32.3"
52.167.144.169 - - [26/Jul/2026:18:00:32 -0400] "GET /sitemap.txt HTTP/1.1" 404 236 "-" "Mozilla/5.0 AppleWebKit/537.36 (KHTML, like Gecko; compatible; bingbot/2.0; +http://www.bing.com/bingbot.htm) Chrome/116.0.1938.76 Safari/537.36"
168.235.116.112 - - [26/Jul/2026:18:04:19 -0400] "GET /.well-known/acme-challenge/_DZG_M8WREKBO8II3YI8C0S547UD_N9J HTTP/1.1" 200 64 "-" "Cpanel-HTTP-Client/1.0"
168.235.116.112 - - [26/Jul/2026:18:04:26 -0400] "GET /.well-known/acme-challenge/S-8EH03KL6079THZGUNO3RXNOA4624MV HTTP/1.1" 200 64 "-" "Cpanel-HTTP-Client/1.0"
168.235.116.112 - - [26/Jul/2026:18:04:27 -0400] "GET /.well-known/acme-challenge/5RT859LVLF_2ZVIT0SVFIEDNC4C206KR HTTP/1.1" 200 64 "-" "Cpanel-HTTP-Client/1.0"
168.235.116.112 - - [26/Jul/2026:18:04:36 -0400] "GET /.well-known/acme-challenge/2HIR0-J1PILRF1XW7HG7MVDK5RL7_PQU HTTP/1.1" 200 64 "-" "Cpanel-HTTP-Client/1.0"
168.235.116.112 - - [26/Jul/2026:18:04:43 -0400] "GET /.well-known/acme-challenge/-TCBMHMXXEH_G1QUJ-B9H9IVSWOROLJO HTTP/1.1" 200 64 "-" "Cpanel-HTTP-Client/1.0"
2a06:98c0:3600::103 - - [26/Jul/2026:18:14:19 -0400] "GET /wp-admin/install.php?step=1 HTTP/1.1" 404 236 "-" "http://thinkgen.io/wp-admin/install.php?step=1"
113.251.32.22 - - [26/Jul/2026:18:41:19 -0400] "GET / HTTP/1.1" 200 1036 "http://thinkgen.io/" "Mozilla/5.0 (Windows NT 6.1; WOW64) AppleWebKit/537.36 (KHTML, like Gecko) Chrome/50.0.2661.102 Safari/537.36"